{"id":99,"date":"2025-04-09T07:50:52","date_gmt":"2025-04-09T07:50:52","guid":{"rendered":"https:\/\/www.google-sky.es\/blog\/?page_id=99"},"modified":"2026-01-01T09:12:06","modified_gmt":"2026-01-01T08:12:06","slug":"sobre-nosotros","status":"publish","type":"page","link":"https:\/\/www.google-sky.es\/blog\/sobre-nosotros\/","title":{"rendered":"Sobre nosotros"},"content":{"rendered":"\n<p>Bienvenido al <strong>Blog<\/strong> <strong>de<\/strong> <strong>Google-Sky.es<\/strong>, tu espacio para explorar y entender los misterios del universo de manera clara y emocionante. Nuestro objetivo es hacer que los temas astron\u00f3micos sean <strong>f\u00e1ciles de entender<\/strong> para todos, sin importar su nivel de conocimiento.<\/p>\n\n\n\n<h4 class=\"wp-block-heading\">\u00bfQu\u00e9 encontrar\u00e1s en Google Sky?<\/h4>\n\n\n\n<ul class=\"wp-block-list\">\n<li><strong>Art\u00edculos y noticias<\/strong> sobre los <strong>\u00faltimos descubrimientos astron\u00f3micos y geol\u00f3gicos<\/strong>.<\/li>\n\n\n\n<li><strong>Im\u00e1genes y videos espectaculares<\/strong> que muestran la belleza del planeta Tierra y el Universo.<\/li>\n\n\n\n<li><strong>Explicaciones simples<\/strong> de conceptos astron\u00f3micos y geol\u00f3gicos complejos.<\/li>\n\n\n\n<li><strong>Recursos educativos<\/strong> tanto para ni\u00f1os como para adultos, ideales para aprender y compartir.<\/li>\n\n\n\n<li>Y mucho m\u00e1s&#8230;<\/li>\n<\/ul>\n\n\n\n<p>Te invitamos a unirte a nuestra <strong>aventura c\u00f3smica<\/strong> y descubrir juntos los <strong>secretos de la Tierra y el Universo<\/strong>.<\/p>\n\n\n\n<p>\u00a1Gracias por visitarnos y ser parte de esta exploraci\u00f3n espacial!<\/p>\n\n\n\n<figure class=\"wp-block-image size-full\"><img loading=\"lazy\" decoding=\"async\" width=\"982\" height=\"454\" src=\"https:\/\/www.google-sky.es\/blog\/wp-content\/uploads\/2025\/04\/google_sky_logo.png\" alt=\"Logo Google Sky\" class=\"wp-image-284\" srcset=\"https:\/\/www.google-sky.es\/blog\/wp-content\/uploads\/2025\/04\/google_sky_logo.png 982w, https:\/\/www.google-sky.es\/blog\/wp-content\/uploads\/2025\/04\/google_sky_logo-300x139.png 300w, https:\/\/www.google-sky.es\/blog\/wp-content\/uploads\/2025\/04\/google_sky_logo-768x355.png 768w\" sizes=\"auto, (max-width: 982px) 100vw, 982px\" \/><\/figure>\n","protected":false},"excerpt":{"rendered":"<p>Bienvenido al Blog de Google-Sky.es, tu espacio para explorar y entender los misterios del universo de manera clara y emocionante. Nuestro objetivo es hacer que&hellip;<\/p>\n","protected":false},"author":1,"featured_media":7,"parent":0,"menu_order":0,"comment_status":"closed","ping_status":"closed","template":"","meta":{"_sitemap_exclude":false,"_sitemap_priority":"","_sitemap_frequency":"","footnotes":""},"class_list":["post-99","page","type-page","status-publish","has-post-thumbnail","hentry"],"yoast_head":"<!-- This site is optimized with the Yoast SEO plugin v27.1.1 - https:\/\/yoast.com\/product\/yoast-seo-wordpress\/ -->\n<title>Sobre nosotros - Google Sky<\/title>\n<meta name=\"description\" content=\"Google Sky: Explora los misterios del universo con art\u00edculos, noticias, videos y recursos educativos accesibles para todos. \u00danete a nuestra aventura c\u00f3smica hoy.\" \/>\n<meta name=\"robots\" content=\"index, follow, max-snippet:-1, max-image-preview:large, max-video-preview:-1\" \/>\n<link rel=\"canonical\" href=\"https:\/\/www.google-sky.es\/blog\/sobre-nosotros\/\" \/>\n<meta property=\"og:locale\" content=\"es_ES\" \/>\n<meta property=\"og:type\" content=\"article\" \/>\n<meta property=\"og:title\" content=\"Sobre nosotros - Google Sky\" \/>\n<meta property=\"og:description\" content=\"Google Sky: Explora los misterios del universo con art\u00edculos, noticias, videos y recursos educativos accesibles para todos. \u00danete a nuestra aventura c\u00f3smica hoy.\" \/>\n<meta property=\"og:url\" content=\"https:\/\/www.google-sky.es\/blog\/sobre-nosotros\/\" \/>\n<meta property=\"og:site_name\" content=\"Google Sky\" \/>\n<meta property=\"article:modified_time\" content=\"2026-01-01T08:12:06+00:00\" \/>\n<meta property=\"og:image\" content=\"https:\/\/www.google-sky.es\/blog\/wp-content\/uploads\/2025\/04\/web-app-manifest-512x512-1.png\" \/>\n\t<meta property=\"og:image:width\" content=\"512\" \/>\n\t<meta property=\"og:image:height\" content=\"512\" \/>\n\t<meta property=\"og:image:type\" content=\"image\/png\" \/>\n<meta name=\"twitter:card\" content=\"summary_large_image\" \/>\n<meta name=\"twitter:label1\" content=\"Tiempo de lectura\" \/>\n\t<meta name=\"twitter:data1\" content=\"1 minuto\" \/>\n<script type=\"application\/ld+json\" class=\"yoast-schema-graph\">{\"@context\":\"https:\/\/schema.org\",\"@graph\":[{\"@type\":\"WebPage\",\"@id\":\"https:\/\/www.google-sky.es\/blog\/sobre-nosotros\/\",\"url\":\"https:\/\/www.google-sky.es\/blog\/sobre-nosotros\/\",\"name\":\"Sobre nosotros - Google Sky\",\"isPartOf\":{\"@id\":\"https:\/\/www.google-sky.es\/blog\/#website\"},\"primaryImageOfPage\":{\"@id\":\"https:\/\/www.google-sky.es\/blog\/sobre-nosotros\/#primaryimage\"},\"image\":{\"@id\":\"https:\/\/www.google-sky.es\/blog\/sobre-nosotros\/#primaryimage\"},\"thumbnailUrl\":\"https:\/\/www.google-sky.es\/blog\/wp-content\/uploads\/2025\/04\/web-app-manifest-512x512-1.png\",\"datePublished\":\"2025-04-09T07:50:52+00:00\",\"dateModified\":\"2026-01-01T08:12:06+00:00\",\"description\":\"Google Sky: Explora los misterios del universo con art\u00edculos, noticias, videos y recursos educativos accesibles para todos. \u00danete a nuestra aventura c\u00f3smica hoy.\",\"breadcrumb\":{\"@id\":\"https:\/\/www.google-sky.es\/blog\/sobre-nosotros\/#breadcrumb\"},\"inLanguage\":\"es\",\"potentialAction\":[{\"@type\":\"ReadAction\",\"target\":[\"https:\/\/www.google-sky.es\/blog\/sobre-nosotros\/\"]}]},{\"@type\":\"ImageObject\",\"inLanguage\":\"es\",\"@id\":\"https:\/\/www.google-sky.es\/blog\/sobre-nosotros\/#primaryimage\",\"url\":\"https:\/\/www.google-sky.es\/blog\/wp-content\/uploads\/2025\/04\/web-app-manifest-512x512-1.png\",\"contentUrl\":\"https:\/\/www.google-sky.es\/blog\/wp-content\/uploads\/2025\/04\/web-app-manifest-512x512-1.png\",\"width\":512,\"height\":512},{\"@type\":\"BreadcrumbList\",\"@id\":\"https:\/\/www.google-sky.es\/blog\/sobre-nosotros\/#breadcrumb\",\"itemListElement\":[{\"@type\":\"ListItem\",\"position\":1,\"name\":\"Portada\",\"item\":\"https:\/\/www.google-sky.es\/blog\/\"},{\"@type\":\"ListItem\",\"position\":2,\"name\":\"Sobre nosotros\"}]},{\"@type\":\"WebSite\",\"@id\":\"https:\/\/www.google-sky.es\/blog\/#website\",\"url\":\"https:\/\/www.google-sky.es\/blog\/\",\"name\":\"Google Sky\",\"description\":\"Google Sky: Sum\u00e9rgete en la astronom\u00eda y aprende sobre el Sistema Solar, los fascinantes planetas, la vida de las estrellas, los enigm\u00e1ticos agujeros negros y las bellas constelaciones. Art\u00edculos, noticias y curiosidades del cosmos.\",\"publisher\":{\"@id\":\"https:\/\/www.google-sky.es\/blog\/#organization\"},\"potentialAction\":[{\"@type\":\"SearchAction\",\"target\":{\"@type\":\"EntryPoint\",\"urlTemplate\":\"https:\/\/www.google-sky.es\/blog\/?s={search_term_string}\"},\"query-input\":{\"@type\":\"PropertyValueSpecification\",\"valueRequired\":true,\"valueName\":\"search_term_string\"}}],\"inLanguage\":\"es\"},{\"@type\":\"Organization\",\"@id\":\"https:\/\/www.google-sky.es\/blog\/#organization\",\"name\":\"Google Sky\",\"url\":\"https:\/\/www.google-sky.es\/blog\/\",\"logo\":{\"@type\":\"ImageObject\",\"inLanguage\":\"es\",\"@id\":\"https:\/\/www.google-sky.es\/blog\/#\/schema\/logo\/image\/\",\"url\":\"https:\/\/www.google-sky.es\/blog\/wp-content\/uploads\/2025\/04\/cropped-google_sky_logo.png\",\"contentUrl\":\"https:\/\/www.google-sky.es\/blog\/wp-content\/uploads\/2025\/04\/cropped-google_sky_logo.png\",\"width\":981,\"height\":333,\"caption\":\"Google Sky\"},\"image\":{\"@id\":\"https:\/\/www.google-sky.es\/blog\/#\/schema\/logo\/image\/\"}}]}<\/script>\n<!-- \/ Yoast SEO plugin. -->","yoast_head_json":{"title":"Sobre nosotros - Google Sky","description":"Google Sky: Explora los misterios del universo con art\u00edculos, noticias, videos y recursos educativos accesibles para todos. \u00danete a nuestra aventura c\u00f3smica hoy.","robots":{"index":"index","follow":"follow","max-snippet":"max-snippet:-1","max-image-preview":"max-image-preview:large","max-video-preview":"max-video-preview:-1"},"canonical":"https:\/\/www.google-sky.es\/blog\/sobre-nosotros\/","og_locale":"es_ES","og_type":"article","og_title":"Sobre nosotros - Google Sky","og_description":"Google Sky: Explora los misterios del universo con art\u00edculos, noticias, videos y recursos educativos accesibles para todos. \u00danete a nuestra aventura c\u00f3smica hoy.","og_url":"https:\/\/www.google-sky.es\/blog\/sobre-nosotros\/","og_site_name":"Google Sky","article_modified_time":"2026-01-01T08:12:06+00:00","og_image":[{"width":512,"height":512,"url":"https:\/\/www.google-sky.es\/blog\/wp-content\/uploads\/2025\/04\/web-app-manifest-512x512-1.png","type":"image\/png"}],"twitter_card":"summary_large_image","twitter_misc":{"Tiempo de lectura":"1 minuto"},"schema":{"@context":"https:\/\/schema.org","@graph":[{"@type":"WebPage","@id":"https:\/\/www.google-sky.es\/blog\/sobre-nosotros\/","url":"https:\/\/www.google-sky.es\/blog\/sobre-nosotros\/","name":"Sobre nosotros - Google Sky","isPartOf":{"@id":"https:\/\/www.google-sky.es\/blog\/#website"},"primaryImageOfPage":{"@id":"https:\/\/www.google-sky.es\/blog\/sobre-nosotros\/#primaryimage"},"image":{"@id":"https:\/\/www.google-sky.es\/blog\/sobre-nosotros\/#primaryimage"},"thumbnailUrl":"https:\/\/www.google-sky.es\/blog\/wp-content\/uploads\/2025\/04\/web-app-manifest-512x512-1.png","datePublished":"2025-04-09T07:50:52+00:00","dateModified":"2026-01-01T08:12:06+00:00","description":"Google Sky: Explora los misterios del universo con art\u00edculos, noticias, videos y recursos educativos accesibles para todos. \u00danete a nuestra aventura c\u00f3smica hoy.","breadcrumb":{"@id":"https:\/\/www.google-sky.es\/blog\/sobre-nosotros\/#breadcrumb"},"inLanguage":"es","potentialAction":[{"@type":"ReadAction","target":["https:\/\/www.google-sky.es\/blog\/sobre-nosotros\/"]}]},{"@type":"ImageObject","inLanguage":"es","@id":"https:\/\/www.google-sky.es\/blog\/sobre-nosotros\/#primaryimage","url":"https:\/\/www.google-sky.es\/blog\/wp-content\/uploads\/2025\/04\/web-app-manifest-512x512-1.png","contentUrl":"https:\/\/www.google-sky.es\/blog\/wp-content\/uploads\/2025\/04\/web-app-manifest-512x512-1.png","width":512,"height":512},{"@type":"BreadcrumbList","@id":"https:\/\/www.google-sky.es\/blog\/sobre-nosotros\/#breadcrumb","itemListElement":[{"@type":"ListItem","position":1,"name":"Portada","item":"https:\/\/www.google-sky.es\/blog\/"},{"@type":"ListItem","position":2,"name":"Sobre nosotros"}]},{"@type":"WebSite","@id":"https:\/\/www.google-sky.es\/blog\/#website","url":"https:\/\/www.google-sky.es\/blog\/","name":"Google Sky","description":"Google Sky: Sum\u00e9rgete en la astronom\u00eda y aprende sobre el Sistema Solar, los fascinantes planetas, la vida de las estrellas, los enigm\u00e1ticos agujeros negros y las bellas constelaciones. Art\u00edculos, noticias y curiosidades del cosmos.","publisher":{"@id":"https:\/\/www.google-sky.es\/blog\/#organization"},"potentialAction":[{"@type":"SearchAction","target":{"@type":"EntryPoint","urlTemplate":"https:\/\/www.google-sky.es\/blog\/?s={search_term_string}"},"query-input":{"@type":"PropertyValueSpecification","valueRequired":true,"valueName":"search_term_string"}}],"inLanguage":"es"},{"@type":"Organization","@id":"https:\/\/www.google-sky.es\/blog\/#organization","name":"Google Sky","url":"https:\/\/www.google-sky.es\/blog\/","logo":{"@type":"ImageObject","inLanguage":"es","@id":"https:\/\/www.google-sky.es\/blog\/#\/schema\/logo\/image\/","url":"https:\/\/www.google-sky.es\/blog\/wp-content\/uploads\/2025\/04\/cropped-google_sky_logo.png","contentUrl":"https:\/\/www.google-sky.es\/blog\/wp-content\/uploads\/2025\/04\/cropped-google_sky_logo.png","width":981,"height":333,"caption":"Google Sky"},"image":{"@id":"https:\/\/www.google-sky.es\/blog\/#\/schema\/logo\/image\/"}}]}},"_links":{"self":[{"href":"https:\/\/www.google-sky.es\/blog\/wp-json\/wp\/v2\/pages\/99","targetHints":{"allow":["GET"]}}],"collection":[{"href":"https:\/\/www.google-sky.es\/blog\/wp-json\/wp\/v2\/pages"}],"about":[{"href":"https:\/\/www.google-sky.es\/blog\/wp-json\/wp\/v2\/types\/page"}],"author":[{"embeddable":true,"href":"https:\/\/www.google-sky.es\/blog\/wp-json\/wp\/v2\/users\/1"}],"replies":[{"embeddable":true,"href":"https:\/\/www.google-sky.es\/blog\/wp-json\/wp\/v2\/comments?post=99"}],"version-history":[{"count":5,"href":"https:\/\/www.google-sky.es\/blog\/wp-json\/wp\/v2\/pages\/99\/revisions"}],"predecessor-version":[{"id":660,"href":"https:\/\/www.google-sky.es\/blog\/wp-json\/wp\/v2\/pages\/99\/revisions\/660"}],"wp:featuredmedia":[{"embeddable":true,"href":"https:\/\/www.google-sky.es\/blog\/wp-json\/wp\/v2\/media\/7"}],"wp:attachment":[{"href":"https:\/\/www.google-sky.es\/blog\/wp-json\/wp\/v2\/media?parent=99"}],"curies":[{"name":"wp","href":"https:\/\/api.w.org\/{rel}","templated":true}]}}